{"id":988,"date":"2024-09-14T07:52:58","date_gmt":"2024-09-14T07:52:58","guid":{"rendered":"https:\/\/c2a-azaysurcher.fr\/?page_id=988"},"modified":"2026-04-27T21:25:13","modified_gmt":"2026-04-27T21:25:13","slug":"actualites","status":"publish","type":"page","link":"https:\/\/c2a-azaysurcher.fr\/?page_id=988","title":{"rendered":"Actualit\u00e9s"},"content":{"rendered":"<div class=\"brz-root__container brz-reset-all\">\n<section id=\"ivMoOK580Odb\" class=\"brz-section brz-css-a37Wa\">\n<div class=\"brz-section__content brz-section--boxed brz-css-egjKP brz-css-jgMc7\" data-brz-custom-id=\"r6x5ZmcYFXrj\">\n<div class=\"brz-bg\">\n<div class=\"brz-bg-color\"><\/div>\n<\/div>\n<div class=\"brz-container brz-css-zVfUi\">\n<div id class=\"brz-css-vEbre brz-wrapper\">\n<div class=\"brz-image brz-css-dlfeC brz-css-gRYaL\" data-brz-custom-id=\"fjevTGflZBTK\"><a class=\"brz-a\" href=\"\" target=\"_self\" rel=\"noopener\" data-brz-link-type=\"page\"><picture class=\"brz-picture brz-d-block brz-p-relative brz-css-zWPxn brz-css-g6aBC\"><source srcset=\"https:\/\/c2a-azaysurcher.fr\/wp-content\/uploads\/2024\/05\/Logo-png-C2A-150x150.png 1x, https:\/\/c2a-azaysurcher.fr\/wp-content\/uploads\/2024\/05\/Logo-png-C2A-150x150.png 2x\" media=\"(min-width: 992px)\"><source srcset=\"https:\/\/c2a-azaysurcher.fr\/wp-content\/uploads\/2024\/05\/Logo-png-C2A-150x150.png 1x, https:\/\/c2a-azaysurcher.fr\/wp-content\/uploads\/2024\/05\/Logo-png-C2A-150x150.png 2x\" media=\"(min-width: 768px)\"><img decoding=\"async\" class=\"brz-img\" srcset=\"https:\/\/c2a-azaysurcher.fr\/wp-content\/uploads\/2024\/05\/Logo-png-C2A-150x150.png 1x, https:\/\/c2a-azaysurcher.fr\/wp-content\/uploads\/2024\/05\/Logo-png-C2A-150x150.png 2x\" src=\"https:\/\/c2a-azaysurcher.fr\/wp-content\/uploads\/2024\/05\/Logo-png-C2A-150x150.png\" alt=\"\" draggable=\"false\" loading=\"lazy\"><\/picture><\/a><\/div>\n<\/div>\n<\/div>\n<\/div>\n<\/section>\n<section id=\"cbukfE50P6mw\" class=\"brz-section brz-css-a37Wa\">\n<div class=\"brz-section__content brz-section--boxed brz-css-egjKP brz-css-me3jX\" data-brz-custom-id=\"gMSRh8AfImn0\">\n<div class=\"brz-container brz-css-zVfUi\">\n<div class=\"brz-row__container brz-css-xBK0S brz-css-h7tAD\" data-brz-custom-id=\"fHBGX2DW1QH3\">\n<div class=\"brz-bg\"><\/div>\n<div class=\"brz-row brz-css-w1Ew6 brz-css-phZ85\">\n<div class=\"brz-columns brz-css-ok2_E brz-css-jweHh\" data-brz-custom-id=\"p6lr_qWsHqnM\">\n<div class=\"brz-bg\"><\/div>\n<div class=\"brz-column__items brz-css-sU7bJ brz-css-wTpFt\">\n<div id class=\"brz-css-vEbre brz-wrapper\">\n<div class=\"brz-rich-text brz-rich-text__custom brz-css-eUgiW\" data-brz-custom-id=\"l3zHWwbx1bBC\">\n<div data-brz-translate-text=\"1\">\n<p class=\"brz-tp-lg-paragraph brz-css-rGuti\" data-uniq-id=\"eTa72\" data-generated-css=\"brz-css-g4DgZ\"><span class=\"brz-cp-color7\">31\/03\/2025<\/span><\/p>\n<\/div>\n<\/div>\n<\/div>\n<div id class=\"brz-css-vEbre brz-wrapper\">\n<div class=\"brz-rich-text brz-rich-text__custom brz-css-eUgiW\" data-brz-custom-id=\"dg7JeM817kx0\">\n<div data-brz-translate-text=\"1\">\n<h2 class=\"brz-tp-lg-heading2 brz-css-cR551\" data-generated-css=\"brz-css-joL9v\" data-uniq-id=\"yfXBT\">Retrouvez C2A \u00e0 l&#8217;occasion de la f\u00eate de la vie locale d&#8217;Azay-sur-Cher le dimanche 31 ao\u00fbt 2025 de 9h30 \u00e0 12h30 \u00e0 la salle Jacques Revaux: <span style=\"color: rgba(var(--brz-global-color3),1);\" class=\"brz-cp-color3\">Alain, \u00e9ducateur canin<\/span>; <span style=\"color: rgb(213, 43, 43);\">Catherine, kin\u00e9siologue<\/span>; <span style=\"color: rgba(var(--brz-global-color3),1);\" class=\"brz-cp-color3\">Jessica, cr\u00e9atrice de bijoux<\/span>; <span style=\"color: rgb(205, 62, 62);\">Laura, photographe<\/span>; <span style=\"color: rgba(var(--brz-global-color3),1);\" class=\"brz-cp-color3\">Ludovic, \u00e9ducateur canin<\/span>; <span style=\"color: rgb(195, 54, 54);\">Mathilde, Lait P&#8217;tits Loups<\/span>; <span style=\"color: rgba(var(--brz-global-color3),1);\" class=\"brz-cp-color3\">Rudy, barista<\/span><span style=\"color: rgba(var(--brz-global-color4),1);\" class=\"brz-cp-color4\">&#8230;et toutes les cartes de visites et flyers de nos autres commer\u00e7ants, artisans, entreprises sur notre stand C2A!<\/span><\/h2>\n<\/div>\n<\/div>\n<\/div>\n<div id class=\"brz-css-vEbre brz-css-pHd9c brz-css-t27QC brz-wrapper\">\n<div class=\"brz-spacer brz-css-bTWt4 brz-css-k8aaN\"><\/div>\n<\/div>\n<\/div>\n<\/div>\n<\/div>\n<\/div>\n<\/div>\n<\/div>\n<\/section>\n<section id=\"sRk4z1zx8F31\" class=\"brz-section brz-css-a37Wa\">\n<div class=\"brz-section__content brz-section--boxed brz-css-egjKP brz-css-wnWpk\" data-brz-custom-id=\"aOURahpOQl5k\">\n<div class=\"brz-container brz-css-zVfUi\">\n<div class=\"brz-row__container brz-css-xBK0S brz-css-atrac\" data-brz-custom-id=\"jVq2CoMXipNm\">\n<div class=\"brz-bg\"><\/div>\n<div class=\"brz-row brz-css-w1Ew6 brz-css-phZ85\">\n<div class=\"brz-columns brz-css-ok2_E brz-css-sb4TV\" data-brz-custom-id=\"gEYKASzusc89\">\n<div class=\"brz-bg\"><\/div>\n<div class=\"brz-column__items brz-css-sU7bJ brz-css-b6xKP\">\n<div id class=\"brz-css-vEbre brz-wrapper\">\n<div class=\"brz-rich-text brz-rich-text__custom brz-css-eUgiW\" data-brz-custom-id=\"aJYtsMM_XeeW\">\n<div data-brz-translate-text=\"1\">\n<p class=\"brz-tp-lg-paragraph brz-css-dazyo\" data-uniq-id=\"eTa72\" data-generated-css=\"brz-css-g4DgZ\"><span class=\"brz-cp-color7\">31\/03\/2025<\/span><\/p>\n<\/div>\n<\/div>\n<\/div>\n<div id class=\"brz-css-vEbre brz-wrapper\">\n<div class=\"brz-rich-text brz-rich-text__custom brz-css-eUgiW\" data-brz-custom-id=\"huyF5XU9tmRP\">\n<div data-brz-translate-text=\"1\">\n<h2 class=\"brz-tp-lg-heading2 brz-css-oF1Wr\" data-generated-css=\"brz-css-l3VPK\" data-uniq-id=\"qNGtn\">C2A organise sa quinzaine commerciale du 31 mars au 14 avril 2025! Venez remplir vos bulletins de tombola chez nos adh\u00e9rents!<\/h2>\n<\/div>\n<\/div>\n<\/div>\n<div id class=\"brz-css-vEbre brz-css-pHd9c brz-css-oJlR2 brz-wrapper\">\n<div class=\"brz-spacer brz-css-bTWt4 brz-css-ycdoM\"><\/div>\n<\/div>\n<\/div>\n<\/div>\n<div class=\"brz-columns brz-css-ok2_E brz-css-hyL7W\" data-brz-custom-id=\"tlQahVirxCle\">\n<div class=\"brz-bg\"><\/div>\n<div class=\"brz-column__items brz-css-sU7bJ brz-css-p0sKs\">\n<div id class=\"brz-css-vEbre brz-wrapper\">\n<div class=\"brz-image brz-css-gk2fr\" data-brz-custom-id=\"a_o7bGk617lb\"><picture class=\"brz-picture brz-d-block brz-p-relative brz-css-a_qxT brz-css-zmjMn\"><source srcset=\"https:\/\/c2a-azaysurcher.fr\/wp-content\/uploads\/2025\/04\/Affiche-C2A-Quinzaine-commerciale-31-mars-14-avril-2025.jpg 1x, https:\/\/c2a-azaysurcher.fr\/wp-content\/uploads\/2025\/04\/Affiche-C2A-Quinzaine-commerciale-31-mars-14-avril-2025.jpg 2x\" media=\"(min-width: 992px)\"><source srcset=\"https:\/\/c2a-azaysurcher.fr\/wp-content\/uploads\/2025\/04\/Affiche-C2A-Quinzaine-commerciale-31-mars-14-avril-2025.jpg 1x, https:\/\/c2a-azaysurcher.fr\/wp-content\/uploads\/2025\/04\/Affiche-C2A-Quinzaine-commerciale-31-mars-14-avril-2025.jpg 2x\" media=\"(min-width: 768px)\"><img decoding=\"async\" class=\"brz-img\" srcset=\"https:\/\/c2a-azaysurcher.fr\/wp-content\/uploads\/2025\/04\/Affiche-C2A-Quinzaine-commerciale-31-mars-14-avril-2025.jpg 1x, https:\/\/c2a-azaysurcher.fr\/wp-content\/uploads\/2025\/04\/Affiche-C2A-Quinzaine-commerciale-31-mars-14-avril-2025.jpg 2x\" src=\"https:\/\/c2a-azaysurcher.fr\/wp-content\/uploads\/2025\/04\/Affiche-C2A-Quinzaine-commerciale-31-mars-14-avril-2025.jpg\" alt=\"\" draggable=\"false\" loading=\"lazy\"><\/picture><\/div>\n<\/div>\n<\/div>\n<\/div>\n<\/div>\n<\/div>\n<\/div>\n<\/div>\n<\/section>\n<section id=\"baLDsPrQE460\" class=\"brz-section brz-css-a37Wa\">\n<div class=\"brz-section__content brz-section--boxed brz-css-egjKP\" data-brz-custom-id=\"mfx64uZhaJX6\">\n<div class=\"brz-container brz-css-zVfUi\">\n<div class=\"brz-row__container brz-css-xBK0S brz-css-fyqJA\" data-brz-custom-id=\"mMf7fk9TZwu0\">\n<div class=\"brz-bg\"><\/div>\n<div class=\"brz-row brz-css-w1Ew6 brz-css-phZ85\">\n<div class=\"brz-columns brz-css-ok2_E brz-css-lktaQ\" data-brz-custom-id=\"e2SJmIHYtuBw\">\n<div class=\"brz-bg\"><\/div>\n<div class=\"brz-column__items brz-css-sU7bJ brz-css-aYQy1\">\n<div id class=\"brz-css-vEbre brz-wrapper\">\n<div class=\"brz-image brz-css-eDCqA\" data-brz-custom-id=\"xv9Gr0AZDu9_\"><picture class=\"brz-picture brz-d-block brz-p-relative brz-css-yI1iI brz-css-zfMUQ\"><source srcset=\"https:\/\/c2a-azaysurcher.fr\/wp-content\/uploads\/2024\/12\/C2A2_page-0001.jpg 1x, https:\/\/c2a-azaysurcher.fr\/wp-content\/uploads\/2024\/12\/C2A2_page-0001.jpg 2x\" media=\"(min-width: 992px)\"><source srcset=\"https:\/\/c2a-azaysurcher.fr\/wp-content\/uploads\/2024\/12\/C2A2_page-0001.jpg 1x, https:\/\/c2a-azaysurcher.fr\/wp-content\/uploads\/2024\/12\/C2A2_page-0001.jpg 2x\" media=\"(min-width: 768px)\"><img decoding=\"async\" class=\"brz-img\" srcset=\"https:\/\/c2a-azaysurcher.fr\/wp-content\/uploads\/2024\/12\/C2A2_page-0001.jpg 1x, https:\/\/c2a-azaysurcher.fr\/wp-content\/uploads\/2024\/12\/C2A2_page-0001.jpg 2x\" src=\"https:\/\/c2a-azaysurcher.fr\/wp-content\/uploads\/2024\/12\/C2A2_page-0001.jpg\" alt=\"\" draggable=\"false\" loading=\"lazy\"><\/picture><\/div>\n<\/div>\n<\/div>\n<\/div>\n<div class=\"brz-columns brz-css-ok2_E brz-css-lw8DA\" data-brz-custom-id=\"bzXln4f2hTgI\">\n<div class=\"brz-bg\"><\/div>\n<div class=\"brz-column__items brz-css-sU7bJ brz-css-u7d6g\">\n<div id class=\"brz-css-vEbre brz-wrapper\">\n<div class=\"brz-rich-text brz-rich-text__custom brz-css-eUgiW\" data-brz-custom-id=\"fvuolpY74rRy\">\n<div data-brz-translate-text=\"1\">\n<p class=\"brz-tp-lg-paragraph brz-css-mWx0X\" data-generated-css=\"brz-css-qRhyX\" data-uniq-id=\"svLzs\"><span class=\"brz-cp-color7\">04\/12\/2024<\/span><\/p>\n<\/div>\n<\/div>\n<\/div>\n<div id class=\"brz-css-vEbre brz-wrapper\">\n<div class=\"brz-rich-text brz-rich-text__custom brz-css-eUgiW\" data-brz-custom-id=\"jDJxZ7LL0y8_\">\n<div data-brz-translate-text=\"1\">\n<h2 class=\"brz-tp-lg-heading2 brz-css-k3vgr\" data-uniq-id=\"iIfhw\" data-generated-css=\"brz-css-uIwKS\">C2A au march\u00e9 de No\u00ebl d&#8217;Azay-sur-Cher le dimanche 8 d\u00e9cembre 2024!<\/h2>\n<\/div>\n<\/div>\n<\/div>\n<div id class=\"brz-css-vEbre brz-css-pHd9c brz-css-i0RmY brz-wrapper\">\n<div class=\"brz-spacer brz-css-bTWt4 brz-css-nuwmu\"><\/div>\n<\/div>\n<div id class=\"brz-css-vEbre brz-wrapper\">\n<div class=\"brz-rich-text brz-rich-text__custom brz-css-eUgiW\" data-brz-custom-id=\"ij4emUacpIoZ\">\n<div data-brz-translate-text=\"1\">\n<p class=\"brz-tp-lg-paragraph brz-css-uL7JO\" data-uniq-id=\"jDnNQ\" data-generated-css=\"brz-css-f5ERI\"><span class=\"brz-cp-color7\">Pensez \u00e0 r\u00e9server vos hu\u00eetres!<\/span><\/p>\n<\/div>\n<\/div>\n<\/div>\n<\/div>\n<\/div>\n<\/div>\n<\/div>\n<\/div>\n<\/div>\n<\/section>\n<section id=\"x7QDLAMc2FYK\" class=\"brz-section brz-css-a37Wa\">\n<div class=\"brz-section__content brz-section--boxed brz-css-egjKP\" data-brz-custom-id=\"gAf_tl3NQhsd\">\n<div class=\"brz-container brz-css-zVfUi\">\n<div class=\"brz-row__container brz-css-xBK0S brz-css-zz6Mw\" data-brz-custom-id=\"stGTXdaw8GaH\">\n<div class=\"brz-bg\"><\/div>\n<div class=\"brz-row brz-css-w1Ew6 brz-css-phZ85\">\n<div class=\"brz-columns brz-css-ok2_E brz-css-vJsb7\" data-brz-custom-id=\"v4M1wpK5YCU1\">\n<div class=\"brz-bg\"><\/div>\n<div class=\"brz-column__items brz-css-sU7bJ brz-css-zyN33\">\n<div id class=\"brz-css-vEbre brz-wrapper\">\n<div class=\"brz-rich-text brz-rich-text__custom brz-css-eUgiW\" data-brz-custom-id=\"kXfTsflm11vN\">\n<div data-brz-translate-text=\"1\">\n<p class=\"brz-tp-lg-paragraph brz-css-ziK7b\" data-uniq-id=\"rq7bZ\" data-generated-css=\"brz-css-xr_Uu\"><span class=\"brz-cp-color7\">14\/09\/2024<\/span><\/p>\n<\/div>\n<\/div>\n<\/div>\n<div id class=\"brz-css-vEbre brz-wrapper\">\n<div class=\"brz-rich-text brz-rich-text__custom brz-css-eUgiW\" data-brz-custom-id=\"vkZdd2bmn87b\">\n<div data-brz-translate-text=\"1\">\n<h2 class=\"brz-tp-lg-heading2 brz-css-gQ3i7\" data-generated-css=\"brz-css-hYEuX\" data-uniq-id=\"jPNgy\"><span class=\"brz-cp-color2\">Venez vous r\u00e9galer chez Mathilde!<\/span><\/h2>\n<\/div>\n<\/div>\n<\/div>\n<div id class=\"brz-css-vEbre brz-css-pHd9c brz-css-sFg9U brz-wrapper\">\n<div class=\"brz-spacer brz-css-bTWt4 brz-css-jlJH8\"><\/div>\n<\/div>\n<div id class=\"brz-css-vEbre brz-wrapper\">\n<div class=\"brz-rich-text brz-rich-text__custom brz-css-eUgiW\" data-brz-custom-id=\"khl6e06jjVOg\">\n<div data-brz-translate-text=\"1\">\n<p class=\"brz-tp-lg-paragraph brz-css-w34Dc\" data-generated-css=\"brz-css-vR0Es\" data-uniq-id=\"zDbcd\"><span class=\"brz-cp-color7\">Pensez \u00e0 r\u00e9server.<\/span><\/p>\n<\/div>\n<\/div>\n<\/div>\n<\/div>\n<\/div>\n<div class=\"brz-columns brz-css-ok2_E brz-css-aR0H5\" data-brz-custom-id=\"biN7oXVGTYXg\">\n<div class=\"brz-bg\"><\/div>\n<div class=\"brz-column__items brz-css-sU7bJ brz-css-o5tqi\">\n<div id class=\"brz-css-vEbre brz-wrapper\">\n<div class=\"brz-image brz-css-wPy_I\" data-brz-custom-id=\"pX_fAoeoqyD9\"><picture class=\"brz-picture brz-d-block brz-p-relative brz-css-eKdzO brz-css-ouY0c\"><source srcset=\"https:\/\/c2a-azaysurcher.fr\/wp-content\/uploads\/2024\/09\/457668023_910462327789548_5039818550211975167_n.jpg 1x, https:\/\/c2a-azaysurcher.fr\/wp-content\/uploads\/2024\/09\/457668023_910462327789548_5039818550211975167_n.jpg 2x\" media=\"(min-width: 992px)\"><source srcset=\"https:\/\/c2a-azaysurcher.fr\/wp-content\/uploads\/2024\/09\/457668023_910462327789548_5039818550211975167_n.jpg 1x, https:\/\/c2a-azaysurcher.fr\/wp-content\/uploads\/2024\/09\/457668023_910462327789548_5039818550211975167_n.jpg 2x\" media=\"(min-width: 768px)\"><img decoding=\"async\" class=\"brz-img\" srcset=\"https:\/\/c2a-azaysurcher.fr\/wp-content\/uploads\/2024\/09\/457668023_910462327789548_5039818550211975167_n.jpg 1x, https:\/\/c2a-azaysurcher.fr\/wp-content\/uploads\/2024\/09\/457668023_910462327789548_5039818550211975167_n.jpg 2x\" src=\"https:\/\/c2a-azaysurcher.fr\/wp-content\/uploads\/2024\/09\/457668023_910462327789548_5039818550211975167_n.jpg\" alt=\"\" draggable=\"false\" loading=\"lazy\"><\/picture><\/div>\n<\/div>\n<\/div>\n<\/div>\n<\/div>\n<\/div>\n<\/div>\n<\/div>\n<\/section>\n<section id=\"dSqkdwooVX0a\" class=\"brz-section brz-css-a37Wa\">\n<div class=\"brz-section__content brz-section--boxed brz-css-egjKP\" data-brz-custom-id=\"lujG6bnXFLu4\">\n<div class=\"brz-container brz-css-zVfUi\">\n<div class=\"brz-row__container brz-css-xBK0S brz-css-pHSRZ\" data-brz-custom-id=\"dZnfPkQnAHsz\">\n<div class=\"brz-bg\"><\/div>\n<div class=\"brz-row brz-css-w1Ew6 brz-css-phZ85\">\n<div class=\"brz-columns brz-css-ok2_E brz-css-mCTdj\" data-brz-custom-id=\"beTul5egPwlM\">\n<div class=\"brz-bg\"><\/div>\n<div class=\"brz-column__items brz-css-sU7bJ brz-css-yXjB2\">\n<div id class=\"brz-css-vEbre brz-wrapper\">\n<div class=\"brz-image brz-css-vskYT\" data-brz-custom-id=\"s3qJjnHBxb4i\"><picture class=\"brz-picture brz-d-block brz-p-relative brz-css-jmaFx\"><source srcset=\"https:\/\/c2a-azaysurcher.fr\/wp-content\/uploads\/brizy\/imgs\/OctoberRose-2024-scaled-530x750x0x26x530x697x1726689696.jpg 1x, https:\/\/c2a-azaysurcher.fr\/wp-content\/uploads\/brizy\/imgs\/OctoberRose-2024-scaled-1060x1500x0x52x1060x1394x1726689696.jpg 2x\" media=\"(min-width: 992px)\"><source srcset=\"https:\/\/c2a-azaysurcher.fr\/wp-content\/uploads\/brizy\/imgs\/OctoberRose-2024-scaled-354x501x0x18x354x466x1726689696.jpg 1x, https:\/\/c2a-azaysurcher.fr\/wp-content\/uploads\/brizy\/imgs\/OctoberRose-2024-scaled-708x1002x0x36x708x932x1726689696.jpg 2x\" media=\"(min-width: 768px)\"><img decoding=\"async\" class=\"brz-img\" srcset=\"https:\/\/c2a-azaysurcher.fr\/wp-content\/uploads\/brizy\/imgs\/OctoberRose-2024-scaled-370x523x0x18x370x487x1726689696.jpg 1x, https:\/\/c2a-azaysurcher.fr\/wp-content\/uploads\/brizy\/imgs\/OctoberRose-2024-scaled-740x1046x0x36x740x974x1726689696.jpg 2x\" src=\"https:\/\/c2a-azaysurcher.fr\/wp-content\/uploads\/brizy\/imgs\/OctoberRose-2024-scaled-530x750x0x26x530x697x1726689696.jpg\" alt=\"\" draggable=\"false\" loading=\"lazy\"><\/picture><\/div>\n<\/div>\n<div id class=\"brz-css-vEbre brz-css-pHd9c brz-css-vpKcD brz-wrapper\">\n<div class=\"brz-spacer brz-css-bTWt4 brz-css-frxPn\"><\/div>\n<\/div>\n<\/div>\n<\/div>\n<div class=\"brz-columns brz-css-ok2_E brz-css-yNvAZ\" data-brz-custom-id=\"hwmfhCuRR2QY\">\n<div class=\"brz-bg\"><\/div>\n<div class=\"brz-column__items brz-css-sU7bJ brz-css-xTCik\">\n<div id class=\"brz-css-vEbre brz-wrapper\">\n<div class=\"brz-rich-text brz-rich-text__custom brz-css-eUgiW\" data-brz-custom-id=\"rjZiWNwfgJuI\">\n<div data-brz-translate-text=\"1\">\n<p class=\"brz-tp-lg-paragraph brz-css-sWATu\" data-uniq-id=\"rq7bZ\" data-generated-css=\"brz-css-xr_Uu\"><span class=\"brz-cp-color7\">14\/09\/2024<\/span><\/p>\n<\/div>\n<\/div>\n<\/div>\n<div id class=\"brz-css-vEbre brz-wrapper\">\n<div class=\"brz-rich-text brz-rich-text__custom brz-css-eUgiW\" data-brz-custom-id=\"c2GI7in23HSY\">\n<div data-brz-translate-text=\"1\">\n<h2 class=\"brz-tp-lg-heading2 brz-css-tz5ur\" data-uniq-id=\"ez1od\" data-generated-css=\"brz-css-cL9RS\">Venez vous r\u00e9galer chez Olga! <\/h2>\n<\/div>\n<\/div>\n<\/div>\n<div id class=\"brz-css-vEbre brz-wrapper\">\n<div class=\"brz-rich-text brz-rich-text__custom brz-css-eUgiW\" data-brz-custom-id=\"bX7LECTL6MIP\">\n<div data-brz-translate-text=\"1\">\n<p class=\"brz-tp-lg-paragraph brz-css-j7cPR\" data-generated-css=\"brz-css-aTYt5\" data-uniq-id=\"fPZzM\"><span class=\"brz-cp-color7\">Pensez \u00e0 r\u00e9server.<\/span><\/p>\n<\/div>\n<\/div>\n<\/div>\n<\/div>\n<\/div>\n<\/div>\n<\/div>\n<\/div>\n<\/div>\n<\/section>\n<section id=\"prmoftncggvjhrrmdwsvfbfvhcisurxbtton\" class=\"brz-section brz-css-a37Wa\">\n<div class=\"brz-section__content brz-section--fullWidth brz-css-egjKP brz-css-zlxMc\" data-brz-custom-id=\"egjlptclddymuolgvhtixcqnhfmundieness\">\n<div class=\"brz-bg\">\n<div class=\"brz-bg-color\"><\/div>\n<\/div>\n<div class=\"brz-container brz-css-zVfUi brz-css-xzlh5\">\n<div class=\"brz-row__container brz-css-xBK0S\" data-brz-custom-id=\"fYU1uQi6E9JC\">\n<div class=\"brz-bg\"><\/div>\n<div class=\"brz-row brz-css-w1Ew6 brz-css-phZ85\">\n<div class=\"brz-columns brz-css-ok2_E brz-css-r5gNd\" data-brz-custom-id=\"hoipND98JQOm\">\n<div class=\"brz-bg\"><\/div>\n<div class=\"brz-column__items brz-css-sU7bJ\">\n<div id class=\"brz-css-vEbre brz-wrapper\">\n<div class=\"brz-rich-text brz-rich-text__custom brz-css-eUgiW\" data-brz-custom-id=\"tEm6uqRVw24U\">\n<div data-brz-translate-text=\"1\">\n<p class=\"brz-tp-lg-paragraph brz-css-hBS1N\" data-uniq-id=\"t2wKg\" data-generated-css=\"brz-css-c89Bo\"><a class=\"brz-cp-color7 link--page\" href=\"\" data-brz-link-type=\"page\"><u>Mention l\u00e9gales<\/u><\/a><\/p>\n<\/div>\n<\/div>\n<\/div>\n<\/div>\n<\/div>\n<div class=\"brz-columns brz-css-ok2_E brz-css-v86ZT\" data-brz-custom-id=\"pl1w48rkwDHJ\">\n<div class=\"brz-bg\"><\/div>\n<div class=\"brz-column__items brz-css-sU7bJ\">\n<div id class=\"brz-css-vEbre brz-wrapper\">\n<div class=\"brz-rich-text brz-rich-text__custom brz-css-eUgiW\" data-brz-custom-id=\"jKiOlEKXVaFz\">\n<div data-brz-translate-text=\"1\">\n<p class=\"brz-tp-lg-paragraph brz-css-yAQx9\" data-generated-css=\"brz-css-e2UdP\" data-uniq-id=\"jivj5\"><a class=\"brz-cp-color7 link--page\" href=\"\" data-brz-link-type=\"page\"><u>Contactez-nous<\/u><\/a><\/p>\n<\/div>\n<\/div>\n<\/div>\n<\/div>\n<\/div>\n<div class=\"brz-columns brz-css-ok2_E\" data-brz-custom-id=\"hd719PUGCHY9\">\n<div class=\"brz-bg\"><\/div>\n<div class=\"brz-column__items brz-css-sU7bJ\">\n<div id class=\"brz-css-vEbre brz-wrapper\">\n<div class=\"brz-rich-text brz-rich-text__custom brz-css-eUgiW\" data-brz-custom-id=\"fEOyI8mrAUrq\">\n<div data-brz-translate-text=\"1\">\n<p class=\"brz-text-lg-center brz-tp-lg-paragraph brz-text-xs-center brz-css-agzKC\" data-generated-css=\"brz-css-w1hrX\" data-uniq-id=\"rVnS0\"><span class=\"brz-cp-color7\" style=\"color: rgb(132, 139, 147);\">\u00a92026, C2A Azay-sur-Cher<\/span><\/p>\n<\/div>\n<\/div>\n<\/div>\n<\/div>\n<\/div>\n<div class=\"brz-columns brz-css-ok2_E brz-css-tLIWN\" data-brz-custom-id=\"nTHsdPoPxLE7\">\n<div class=\"brz-bg\"><\/div>\n<div class=\"brz-column__items brz-css-sU7bJ\">\n<div id class=\"brz-css-vEbre brz-css-nY7V5 brz-wrapper\">\n<div class=\"brz-rich-text brz-rich-text__custom brz-css-eUgiW\" data-brz-custom-id=\"qh6xc3KsQFkk\">\n<div data-brz-translate-text=\"1\">\n<p class=\"brz-text-lg-right brz-tp-lg-paragraph brz-text-xs-center brz-css-tVx16\" data-generated-css=\"brz-css-j1A98\" data-uniq-id=\"vx17R\"><span class=\"brz-cp-color7\">Contact : Mathieu &#8211; 06 58 32 83 43<\/span><\/p>\n<\/div>\n<\/div>\n<\/div>\n<\/div>\n<\/div>\n<\/div>\n<\/div>\n<\/div>\n<\/div>\n<\/section>\n<\/div>\n<p>    <!-- version:1777325113 --><\/p>\n","protected":false},"excerpt":{"rendered":"<p>31\/03\/2025 Retrouvez C2A \u00e0 l&#8217;occasion de la f\u00eate de la vie locale d&#8217;Azay-sur-Cher le dimanche 31 ao\u00fbt 2025 de 9h30 \u00e0 12h30 \u00e0 la salle Jacques Revaux: Alain, \u00e9ducateur canin; Catherine, kin\u00e9siologue; Jessica, cr\u00e9atrice de bijoux; Laura, photographe; Ludovic, \u00e9ducateur canin; Mathilde, Lait P&#8217;tits Loups; Rudy, barista&#8230;et toutes les cartes de visites et flyers de [&hellip;]<\/p>\n","protected":false},"author":1,"featured_media":0,"parent":5,"menu_order":0,"comment_status":"closed","ping_status":"closed","template":"brizy-blank-template.php","meta":{"footnotes":""},"class_list":["post-988","page","type-page","status-publish","hentry"],"_links":{"self":[{"href":"https:\/\/c2a-azaysurcher.fr\/index.php?rest_route=\/wp\/v2\/pages\/988","targetHints":{"allow":["GET"]}}],"collection":[{"href":"https:\/\/c2a-azaysurcher.fr\/index.php?rest_route=\/wp\/v2\/pages"}],"about":[{"href":"https:\/\/c2a-azaysurcher.fr\/index.php?rest_route=\/wp\/v2\/types\/page"}],"author":[{"embeddable":true,"href":"https:\/\/c2a-azaysurcher.fr\/index.php?rest_route=\/wp\/v2\/users\/1"}],"replies":[{"embeddable":true,"href":"https:\/\/c2a-azaysurcher.fr\/index.php?rest_route=%2Fwp%2Fv2%2Fcomments&post=988"}],"version-history":[{"count":5,"href":"https:\/\/c2a-azaysurcher.fr\/index.php?rest_route=\/wp\/v2\/pages\/988\/revisions"}],"predecessor-version":[{"id":2254,"href":"https:\/\/c2a-azaysurcher.fr\/index.php?rest_route=\/wp\/v2\/pages\/988\/revisions\/2254"}],"up":[{"embeddable":true,"href":"https:\/\/c2a-azaysurcher.fr\/index.php?rest_route=\/wp\/v2\/pages\/5"}],"wp:attachment":[{"href":"https:\/\/c2a-azaysurcher.fr\/index.php?rest_route=%2Fwp%2Fv2%2Fmedia&parent=988"}],"curies":[{"name":"wp","href":"https:\/\/api.w.org\/{rel}","templated":true}]}}